e remainder when 56 is divided by o?
8
Let k = 4525 - 4475. What is the remainder when 172 is divided by k?
22
Suppose s = 3 + 24. Let r be (25/10)/5 + 7/2. Suppose 2*y - y = -r*w + 26, -4*y + 5*w = -20. What is the remainder when s is divided by y?
7
What is the remainder when (61869/(-12) - (-1 - -2))/(36/(-144)) is divided by 191?
190
Let b be (-8)/6 - (-9826)/102. Let l = b - 47. What is the remainder when 284 is divided by l?
44
Let r be (29 + -21)/(-3 + -1 + 2). What is the remainder when 128 is divided by r/(-4)*(-1)/1*-10?
8
Let c(z) = -5*z + 131. Suppose 8*s - 166 = 2. What is the remainder when 94 is divided by c(s)?
16
Suppose -4*o = c - 41, -2*o - 2*o = -3*c - 37. Let s(r) = r**3 - 9*r**2 - r - 31. What is the remainder when s(o) is divided by 15?
14
What is the remainder when 115/345 + (0 - 3224/(-3)) is divided by 30?
25
Suppose 0 = -6*t + 5*x + 188, 2*t - x - 97 + 37 = 0. What is the remainder when 445 is divided by t?
25
Let z = 7795 - 7529. What is the remainder when z is divided by 82?
20
Let i = -32104 + 32126. Let l = 166 - 84. Calculate the remainder when l is divided by i.
16
Let f be -2 - (1 + 1) - 104/13. Let q be ((4 - 3) + 2)*20/f. Calculate the remainder when 219 is divided by 4 + (-110)/q - 4.
21
Suppose -9*o + 14*o - 155 = 0. Suppose 27*a = o*a - 2340. What is the remainder when a is divided by 84?
81
Let b be (2/2)/((-25)/(-225)). Suppose -20*a + b*a + 1573 = 0. What is the remainder when a is divided by 29?
27
Let c(t) = 135*t**3 + t**2 + 2*t - 1. Calculate the remainder when 162 is divided by c(1).
25
Let r(j) = j**3 - 72*j**2 - 225*j + 138. Calculate the remainder when 273 is divided by r(75).
135
Suppose -2*x + 2158 = -4*v, 5*x - 5443 = 896*v - 892*v. What is the remainder when x is divided by 371?
353
Suppose 72*f + 168*f = -22389 + 1986309. What is the remainder when f is divided by 248?
247
Let g = 71 + -42. Suppose -5*c = g - 234. Let k = c - 9. Calculate the remainder when k is divided by 11.
10
Let q(s) = 62*s - 176. What is the remainder when 651 is divided by q(5)?
115
Let n(v) = -v**3 - 8*v**2 + 32*v + 135. What is the remainder when 258 is divided by n(-10)?
3
Let r = -75 - 65. Let y = 358 + r. Calculate the remainder when y is divided by 55.
53
Let z(h) be the first derivative of 47 - 1/4*h**4 - 11*h - 17/2*h**2 - 17/3*h**3. Calculate the remainder when 14 is divided by z(-16).
4
Let v(w) = 5*w + 1. Let p be v(7). Suppose 4*d = 4*z - 52 - p, 3*d + 30 = z. Let n(o) = o**2 + 6*o - 3. Calculate the remainder when n(6) is divided by z.
15
Let i(f) = -f**2 - 24*f + 11. Let s(d) = d**3 + 9*d**2 - 11*d - 16. What is the remainder when s(-5) is divided by i(-24)?
7
Let i be (3/2)/((-21)/2912*-2). Suppose -268 + i = -2*f. What is the remainder when 160 is divided by f?
78
Suppose 0 = -5*c - b + 3001, 2404 = 4*c + 2*b + 2*b. Calculate the remainder when c is divided by 86.
84
Let u = -1538 - -1556. What is the remainder when 1753 is divided by u?
7
Let w(i) = -i**2 - 22*i + 80. Let j(g) = -g**2 - 3*g - 1. Let a be j(-1). Suppose a = y - 3. What is the remainder when w(-25) is divided by y?
1
What is the remainder when ((-32)/(3328/58890))/(1/(-4)) is divided by 36?
33
Let n(f) = 49*f - 1. Let u be n(1). Let h = u + -35. What is the remainder when 41 + 0 - 20/5 is divided by h?
11
Let m = -3701 - -3707. Calculate the remainder when 837 is divided by m.
3
Suppose 0 = -5*s - 4*i + 1642, 0 = -3*s + 5*i + 219 + 818. Calculate the remainder when s is divided by 49.
40
Suppose 87*t - 17360 = 52*t. Calculate the remainder when t is divided by 183.
130
Let a be (14 + -10)*(-2 - -4). Let y be 5/(-40) + (-543)/a. Let w = -41 - y. What is the remainder when w is divided by 14?
13
Suppose 5*c - a = 2*c + 183, -3*c + 4*a = -192. Let s be (-51)/(171/c + -3). Suppose s = 4*p + 88. Calculate the remainder when p is divided by 22.
19
Calculate the remainder when ((-155)/30 + 3/(-2))/((-4)/228) is divided by 48.
44
Suppose -394 = -3*b + b. Suppose -3*j = -4*j + b. What is the remainder when j is divided by -29 - 14 - (3 + -68)?
21
Let h = -352 - -266. Suppose -2*c - 82 = -0*c. Let x = c - h. Calculate the remainder when 89 is divided by x.
44
Suppose -5*t + 3 + 1 = x, 0 = -4*t - 3*x + 1. Let n(v) = 8*v**3 + 2*v**2 + 3*v - 4. What is the remainder when 30 is divided by n(t)?
3
What is the remainder when (-1191)/(-2*(1/5)/(136/340)) is divided by 5?
1
Let x(y) = y**2 + 4*y + 4. Let p be x(-3). Let i be (3/(-5))/(11*(-10)/550). Calculate the remainder when 19 is divided by 11 + -4 + p - i.
4
Let x(h) = -6*h**2 + 18*h + 31. Let d(w) = -w**2 + 1. Let y(n) = 4*d(n) - x(n). What is the remainder when 42 is divided by y(11)?
8
Suppose -3*c = 2*a - 5*c - 286, -5*a + 655 = 5*c. Calculate the remainder when 186 is divided by a.
49
Let w = 13336 - 12205. Calculate the remainder when w is divided by 18.
15
Suppose -q + 62 = -3*g, q - 5*g = -5 + 57. What is the remainder when 698 is divided by q?
5
Let m(w) = -2*w**2 - 13*w - 2. Let u be m(-13). Let s = u + 190. What is the remainder when s is divided by 3?
1
Let k = 47 - 28. Let x(h) be the first derivative of -5*h**2/2 + 90*h - 130. What is the remainder when x(3) is divided by k?
18
Let t = -860 + 1210. Suppose -19*l = -t + 8. Calculate the remainder when 341 is divided by l.
17
Let s(y) = 2*y**3 - 81*y**2 + 31*y + 471. What is the remainder when 842 is divided by s(40)?
65
What is the remainder when 402 is divided by (1 - (-1809)/45)*(4 + (-12)/8)?
93
Let l = -864 - -126. Let i = 898 + l. Calculate the remainder when i is divided by 26.
4
Let j = 436 + -424. Suppose 5*d - 5*k - j = 138, -5*d + 138 = k. Calculate the remainder when 62 is divided by d.
6
Let x(z) = -3*z + 23. Let o be x(4). Let b(p) = 2*p - 3 + 33 + 24*p - 11*p. What is the remainder when b(o) is divided by 33?
30
Let s = 377 - 201. Suppose -11*v = -b + 85, -2*b - v + 33 + 22 = 0. What is the remainder when s is divided by b?
26
Let v = -81 + 1. Let o = -6323 - -6312. Let l = o - v. Calculate the remainder when l is divided by 19.
12
Suppose -22*o = 821 - 1547. Calculate the remainder when 265 is divided by o.
1
Let j = -1068 + 1223. What is the remainder when j is divided by 81?
74
Suppose 5*c + 521 = 5*u - 549, 3*c - 403 = -2*u. Let x = u - 190. Let k = 13 + -6. Calculate the remainder when x is divided by k.
5
Let r be 4*2*(-49)/14*-2. Suppose 7*a = -r + 420. What is the remainder when (58/(-16) - (-33)/(-88)) + 106 is divided by a?
50
Suppose 0 = g - 2*o - 177, 4*g + 17*o = 18*o + 743. Let x = 198 - g. What is the remainder when 93 is divided by x?
5
Let o = 315 - 310. Let x(q) = 4*q**3 + 2*q**2 + 7*q - 46. Calculate the remainder when x(o) is divided by 60.
59
Let i be 6/36*57*(26 - 0). Let x = -97 + i. What is the remainder when x is divided by 9?
6
Suppose 5*v - 415 = -5*x, -2*v = 3*v + 4*x - 413. Suppose -408 = -27*b - 30. Calculate the remainder when v is divided by b.
11
Let g(m) = -2*m**2 + 21*m - 29. Suppose -2*s + s = -40. Calculate the remainder when s is divided by g(8).
7
Suppose 69952 = -7*h + 73592. Calculate the remainder when h is divided by 59.
48
Suppose -54*z - 17*z = -2343. What is the remainder when 1220 is divided by z?
32
Suppose -4*k + 21 = -7. Let n(g) = g**2 + 5*g - 8. Let x(f) = f - 16. Let w be x(9). What is the remainder when k is divided by n(w)?
1
Let l = 74 + -61. Suppose 4*q + 3*p - 1 = 8, -3*q - p + l = 0. Suppose -c + 84 = q*c. What is the remainder when 58 is divided by c?
10
Let m = 943 + -1414. Let i be m/(-6) + 6/12. Let g = -74 + i. What is the remainder when 14 is divided by g?
4
Let h(c) = c**3 - 8*c**2 + 10*c - 14. Let n(w) = -w**3 + 26*w**2 + 29*w - 25. Let v = -21 - -48. Calculate the remainder when n(v) is divided by h(7).
1
Let l be 15/(-25)*-5 - 1. Suppose 2*y = -10, l*c - 51*y - 91 = -50*y. Calculate the remainder when c is divided by 11.
10
Suppose -5*n + 34 - 9 = 0. Suppose n*o - 105 = 5*v, 50 = 2*o + v + v. What is the remainder when 158 is divided by o?
20
Suppose 2*l + 0*l = -140. Let g be (l/20)/((-1)/(-4)). Let o = 5 - g. Calculate the remainder when 74 is divided by o.
17
Suppose 0 = -3*r - 4*k + 2603, -3205 = -5*r - 17*k + 1216. What is the remainder when r is divided by 55?
32
Suppose -633 = -9*g + 1527. Suppose -6*c + 3*c + 362 = 2*x, g = 2*c + 2*x. What 